- 4, 0 = 5*w + 3*i - 7. Let q(p) = -6*p + 3. Determine q(w).
-9
Let n(z) = 4 + 16*z**2 + 84*z - 85*z - 2 - 3. Give n(-1).
16
Suppose 2*m + 1 = 9. Let t = 7 - m. Let g(h) = h - 3*h + h**2 - t*h. Give g(4).
-4
Suppose 5*r = -0*r + 4*i + 30, -7 = 4*r + 3*i. Let l(t) = -t + 3. Calculate l(r).
1
Let w = -6/25 + 43/75. Let s(b) be the first derivative of -3*b**2 + 2 - w*b**3 + b. Give s(-5).
6
Let a(j) = j - 9. Let u(v) = v - 9. Let t(b) = -6*a(b) + 5*u(b). What is t(5)?
4
Let q(x) be the third derivative of x**6/120 + x**5/30 + x**3/6 + x**2. Determine q(-3).
-8
Let l(d) = -d**2 + 6*d - 4. Let h be l(5). Let z(f) be the first derivative of -f**4/6 - 3*f**2/2 + 3. Let r(b) be the second derivative of z(b). What is r(h)?
-4
Suppose d + 3 = 5. Let o(n) = n + 6. Let y(i) = -4*i - 19. Let z(c) = d*y(c) + 7*o(c). What is z(0)?
4
Let x(i) = -i**3 + i**2 + 1. Let t = 6 + -5. Let g be x(t). Let o = -1 + g. Let m(r) = r + 6. Calculate m(o).
6
Let o(x) be the third derivative of -x**7/5040 + x**6/90 + x**5/60 - x**2. Let c(r) be the third derivative of o(r). Suppose 9 = -4*a + 25. Determine c(a).
4
Let t be (-2 - -5)*(-1 + 2). Let z(n) = n**2 - 2. Calculate z(t).
7
Suppose -7*x + 2*x = -200. Suppose n - 16 = -4*j + 2*n, 4*j + 5*n - x = 0. Let u(c) = -c**3 + 5*c**2 + 2*c - 5. Determine u(j).
5
Suppose 3*l = 5*l + 3*q - 3, 0 = -l - 4*q - 1. Let v(k) = 4*k - 3. Calculate v(l).
9
Let u(q) = -11*q**2 + q + 1. Let b be 18/(-30) + (-2)/5. Give u(b).
-11
Suppose 5 = 38*l - 37*l. Let r(u) = u - 9. What is r(l)?
-4
Let o(y) = 19*y**3 + 0*y**2 + 3*y - 20*y**3 - y**2. Let t = 2 + -2. Let u = t - 3. Calculate o(u).
9
Suppose 3*m = 10*m. Let h(t) be the first derivative of 3/2*t**2 - 3 - t - 1/4*t**4 + m*t**3. Calculate h(2).
-3
Let j(q) = -3*q**2 + 1. Let l be (-10)/(-7) + (-15)/35. Calculate j(l).
-2
Let i(h) = -11 + 2 + 6*h + h**2 + 9. What is i(-6)?
0
Let r(b) = -b**2 + 2*b - 1. Let h be 4*1 + (0 - 2). Suppose 14 = 4*v + 2*x, 7*v = h*v - 2*x + 17. Suppose -n = -v*n + 4. Calculate r(n).
-1
Let h(i) = i**3 - 5*i**2 - 2*i + 2. Suppose -2*k = -2*v, -3*k = -3*v - v + 5. What is h(k)?
-8
Let z(f) = -2*f - 6. Let j be 115/(-25) + 4 - (-27)/(-5). What is z(j)?
6
Let o(u) = -4*u - 3. Let v = 4 + -6. What is o(v)?
5
Let k(q) = -q**3 - 4*q**2 + 3*q - 5. Let n be k(-5). Suppose 10*s - n*s = -5. Let c = 5 + s. Let i(w) = -w**2 + 5*w - 1. Calculate i(c).
3
Let g = 7 - 4. Suppose -10 = -2*m - g*m. Let x(t) = -5*t - 6 + 4*t**2 + 0*t - 3*t**m. What is x(5)?
-6
Let h(v) be the third derivative of -v**5/60 - v**4/8 + v**3/6 + 6*v**2. Give h(-3).
1
Let m be 6/21 - 16/7. Let n(q) be the second derivative of -q + 0*q**2 + 1/6*q**4 + 0 + 0*q**3. What is n(m)?
8
Let t = -27 - -29. Let g(s) be the third derivative of 0 + 0*s + 1/6*s**4 + s**t - 1/60*s**5 - 1/3*s**3. Calculate g(5).
-7
Let o(i) = 2*i + 1. Let g(p) = p. Let a(q) = 11*g(q) - 6*o(q). Let r(u) = u - 7*u - u**2 + 0*u**2. Let f be r(-6). Give a(f).
-6
Let u(n) be the third derivative of 0*n - 1/3*n**4 - 1/60*n**5 - 2/3*n**3 + n**2 + 0. What is u(-5)?
11
Let j be -1 - (4 - (0 - -2)). Let d(q) be the third derivative of -q**6/120 - q**5/15 + q**4/24 + 2*q**3/3 - 44*q**2. What is d(j)?
-8
Suppose -f - 29 = -5*w, -2*f = 2*w - 6*f - 26. Let u = w - 3. Let k(z) = 10*z - 6*z - 4 + 1 - z**3. Give k(u).
-3
Let x(m) = m**3 + m**2 - m - 3. Let b = 7 - 11. Let j be b/18 + (-2)/(-9). Give x(j).
-3
Let j(s) = -s**2 - 1 + 5*s + 5 - s + 0*s. Calculate j(4).
4
Suppose -a = -3 - 0, 0 = 4*r - 3*a + 5. Let l be 4 - 2 - (r - 1). Let b(i) = 3*i**3 - 2*i**3 - 20 - i**2 + 3*i + 17. Determine b(l).
7
Let b(n) = -n**2 + 9*n + 4. Let m be b(10). Let c(g) = g**2 + 9*g + 1. What is c(m)?
-17
Let g be (-18)/4*(-22)/(-33). Let j(d) = 3*d + 1. What is j(g)?
-8
Let v = 7 + -7. Suppose -s - 13 = -2*z, v = -4*s + 1 - 13. Suppose g - z*g = 2*c + 16, 5*c + 5*g + 15 = 0. Let y(n) = n**2 - 1. Calculate y(c).
3
Let v(y) = y**2 + 2*y + 3. Let k be (-5)/4 + (-1)/(-4). Let x be -6 + 4 + 3 - (-1 + 4). Let g be 2/x + k + -1. What is v(g)?
6
Suppose m - 5 = -0. Suppose -4*j - r = -m, 6 = 3*r - 9. Let n(x) = 3*x + 2 + x + j*x - 3*x. Give n(3).
5
Suppose 5*w = -5*d - 15, -4 = -5*d + 2*w - 12. Let c(a) = -3*a + 2. Give c(d).
8
Let v = -1 - -2. Suppose -2*n = 2*t + 4, -2*n + 3*t + v - 5 = 0. Let d = n + 6. Let u(h) = -2*h + 1. Calculate u(d).
-7
Let m(h) = 38 - 2*h**2 - 38. Give m(-1).
-2
Let g(m) = -m**3 - 5*m**2 + m - 3. Let p(z) = -z**3 - 4*z**2 + z - 3. Let l(t) = -2*g(t) + 3*p(t). Determine l(-3).
3
Let t(j) = -j - 1. Let i be 14/5 - (-1)/5. Let g(m) = -1 + i*m + m - 6*m. Let x(h) = -2*g(h) + 3*t(h). Determine x(-2).
-3
Let a(o) be the third derivative of 0*o - 1/4*o**4 + 0 - 3*o**2 + 2/3*o**3 - 1/15*o**5 + 1/120*o**6. Calculate a(5).
-1
Let x(b) = b - 4. Let o(y) be the second derivative of -1/2*y**2 - 5/12*y**4 + 1/6*y**3 + 0 + 2*y. Let d be o(1). What is x(d)?
-9
Let q = 0 + 0. Let r(z) = 2*z + 1 - 3*z - 4*z**3 + 3*z**3 - 4*z**2 + q*z**3. Give r(-2).
-5
Let i(g) be the first derivative of -g**3/3 + 4*g**2 - 3*g - 6. What is i(5)?
12
Let f(x) be the second derivative of -x**5/20 - x**4/6 + x**3/3 + x. Let z be 15/20 - 11/4. Calculate f(z).
-4
Let z(x) be the first derivative of -x**2/2 + 13*x + 2. What is z(0)?
13
Let c(z) = -3*z**3 - z**2 + 5*z. Let q(n) = 4*n**3 - 6*n - 1. Let d(u) = 5*c(u) + 4*q(u). Determine d(4).
-16
Suppose 3 = -n + 7. Let s(h) = -5*h - n + 4 - 2. Suppose 0*p = 5*b - 4*p - 10, 5*b = p - 5. What is s(b)?
8
Let y be -3 - -3 - 4*1. Let v be (4/3)/(y/(-12)). Let b(l) = -6*l + 1. Let k(s) = 5*s - 2. Let p(j) = 4*b(j) + 5*k(j). What is p(v)?
-2
Let v(o) be the first derivative of -o**4/4 + 3*o**3 - 7*o**2/2 - 5*o + 8. What is v(8)?
3
Let f(n) = 2*n - 3*n - 2 + 6. Let v be f(5). Let y(c) = -5*c**3 + c**2 - c - 1. What is y(v)?
6
Suppose -2*g - 1 = -4*i - 23, i - 2*g = -13. Let p be (i + 0 + 2)*-1. Let k(r) = -10*r**3 - r**2 + r. Calculate k(p).
-10
Let r(t) = -t**3 + 3*t**2 - 2*t + 1. Suppose -k - 4 = 5*z, 3*k - 10 = 2*z + 12. Suppose k*n - 3*n = 9. Determine r(n).
-5
Let x(f) = f**3 - 3*f**2 - 4*f - 2. Let c(s) = s**3 - 6*s**2 - 5*s. Let d be c(7). Suppose 4*l - d - 2 = 0. Calculate x(l).
-2
Let p(t) = 19*t - t**2 - 47*t + 7 + 22*t. Give p(-6).
7
Let r(i) = 5 + i + i + 5*i - 6*i. Let q = -11 - -7. What is r(q)?
1
Let c(d) = d + 4. Let m be c(-2). Let n(b) = -4*b + 5. Let y(q) = -5*q + 6. Let t(v) = 4*n(v) - 3*y(v). Calculate t(m).
0
Let r(z) = z + 5. Let n be r(-4). Let c(m) = 6*m**2 - 9*m - 4. Let d(a) = a**2 - a. Let f(t) = n*c(t) - 5*d(t). Let l be 0/(-1) + 5/1. What is f(l)?
1
Suppose -4*q + 40 = -a - a, -5*q - 4*a = -63. Let i be 6/(-1) - (3 + -2). Let y = q + i. Let r(s) = -s**3 + 2*s**2 + 7*s - 6. What is r(y)?
-10
Let u(i) = i + 4. Let h = -22 + 27. Suppose h*m + 4 = 19. Give u(m).
7
Suppose -2*b + 4 = 2*b. Let l be -1 + -1 + 2 + -2. Let s be -1 - l*(b - 0). Let y(c) = -6*c**3 + 1. Determine y(s).
-5
Suppose 3 = 3*k - 3. Suppose 0 = 2*q + q. Let b(n) = -n + n**2 + 3 - 1 + q. What is b(k)?
4
Let g(l) = 57 + 56 - 2*l - 111 + 6*l. Determine g(-3).
-10
Let x(j) = 2*j - 9. Let a be x(6). Let u = -3 + 3. Suppose -4*d + 8 = u, 2*y + 2 = -5*d + a*d. Let r(z) = z**3 + 4*z**2 + 4*z + 4. Give r(y).
1
Suppose 15 = 5*p, -3*s + 0*s - 5*p - 3 = 0. Let j(w) = -w**2 - 6*w - 4. Give j(s).
-4
Let a(o) = -44*o - 2 + 3 + 43*o. Determine a(6).
-5
Let a(t) = -4*t. Suppose 2*f + 8 = 6. Determine a(f).
4
Let h(v) be the first derivative of -v**4/24 + v**3/3 - v**2 + 4. Let w(n) be the second derivative of h(n). What is w(6)?
-4
Let i(y) be the third derivative of y**5/60 - y**4/6 - y**3/6 - 5*y**2. Suppose 5*v - 18 = 2*v. Determine i(v).
11
Let l(u) = -u - 23. Let f = 3 + -3. Determine l(f).
-23
Let a(t) = 3*t. Let o(j) = 6*j - 5. Let r be o(3). Suppose v = -8*m + 4*m - r, m + 3 = 0. Determine a(v).
-3
Let v(w) = 3*w + w - 7 - 11 + 22. Determine v(-2).
-4
Let h(x) = -12*x**3 + 4*x**2 + 4*x. Let l(i) = 17*i**3 - 6*i**2 - 6*i. Let j(d) = -7*h(d) - 5*l(d). Give j(4).
-24
Suppose -5*t = -4*v - 4 + 2, -4*t = -4*v. Let p(z) = z**2 + 9*z + 9. Let b be p(-8). Let k(r) = b + 3 + r + 2*r - r**v. Determine k(3).
4
Let w(k) = 7*k**3 + 12*k**2 - 5*k - 5. Let p(u) = u**3 + u**2 - u - 1. Let q(c) = 6*p(c) - w(c). Suppose 4*m = -25 + 1. Calculate q(m).
5
Let c(m) = -4*m**3 + 28*m**2 + 8